r(g) = g**3 + 4 + 9*g + 3*g**2 - 5*g + 0*g**3 - 2*g. Give r(-3).
-2
Let o be (-6 - -3)*13/3. Let u = o - -12. Let g(a) = -5*a**3 - a**2 + a + 1. Calculate g(u).
4
Let x(i) be the third derivative of i**4/12 + i**3/3 - i**2. What is x(2)?
6
Let p(u) be the second derivative of 1/2*u**2 + 0 - 1/20*u**5 - 7*u + 0*u**3 - 1/6*u**4. Determine p(-1).
0
Let q(c) = -c - 3. Let w = -38 - -41. What is q(w)?
-6
Let r(j) = -5*j**2 - 7*j + 5. Let i(a) = 9*a**2 + 12*a - 10. Let v(u) = 6*i(u) + 11*r(u). Suppose -6 = 2*f - m, 12 = -5*f + 3*f - 2*m. What is v(f)?
-1
Let b(h) be the first derivative of h**2/2 + 8*h - 15. Determine b(0).
8
Let q(i) = -i**3 + 16*i - 2. Let t be q(4). Let m(u) be the third derivative of u**4/12 + u**3/6 - u**2. What is m(t)?
-3
Let x(s) = -7*s - 2. Let d(f) = 5*f + 2. Let a(t) = -4*d(t) - 3*x(t). Determine a(4).
2
Let i(a) = -3*a - 2 + 3*a - 4*a + 2*a. Determine i(-5).
8
Let n(z) = -z**3 + 6*z**2 - 4*z - 7. Let b be n(5). Let o be 5/(-15)*(-4 + b). Let r(y) = 9*y - 7*y + 3 + 0*y**o - y**2. Calculate r(3).
0
Let y(v) = -v - 5. Let l = 1 - 6. Calculate y(l).
0
Let o(j) = -j**3 - 4*j**2 + 6*j + 7. Let m(i) = -3*i**2 - 7*i + 1. Let f be m(-3). Calculate o(f).
2
Let g(k) = 2*k - 12. Let z(i) = -i**2 - 10*i + 8. Let p be z(-10). What is g(p)?
4
Let n(v) = v**2 - 3*v + 4. Suppose 3*u + 9 = -0, -4*m + 5*u = -39. Determine n(m).
22
Let k(h) be the second derivative of h**5/20 + h**3/6 + h**2/2 + 7*h. Suppose -2*t = -t. What is k(t)?
1
Let r(q) = -q**2 - 6*q + 3. Let x be 18 + 5/(15/(-9)). Let g = 9 - x. Determine r(g).
3
Let q(z) = 3*z**2 - 3*z + 2. Let a be q(1). Let u(k) = 9*k - 3. Calculate u(a).
15
Let l(x) = 6*x**3 - 3*x**2 - 4*x + 6. Let n(z) = -7*z**3 + 3*z**2 + 5*z - 7. Let h(q) = 5*l(q) + 4*n(q). Suppose -4*j = -c - 7, -2*j + 2*c = -1 - 1. Give h(j).
6
Suppose -3*v - 2*v - 60 = 0. Let t be (-1)/(2/(-18)) - 1. Let c be 26/t + 3/v. Let l(m) = m**3 - 3*m**2 - m - 2. Determine l(c).
-5
Let p(d) = 0*d + 5 + 0 + 2*d**3 - 3 + 2*d**2 + d. Give p(-2).
-8
Let l = 6 - 12. Let b be 16/l*6/(-4). Let y(k) = -1 + k + 0 + 3. Calculate y(b).
6
Let d(u) = 15*u**2 - 12*u**2 + 5 - 1 - 2. What is d(2)?
14
Let c(j) = 6*j**3 + j**2 - 2*j + 1. Let p be c(1). Let l(h) = h**3 - 6*h**2 + 2*h - 4. Calculate l(p).
8
Suppose -j - 2*j - 2*i + 18 = 0, -2*i + 10 = j. Let x(h) = -3*h + 6. Calculate x(j).
-6
Let t(d) = -4 - d - 4 + 8. Determine t(6).
-6
Suppose 0 = 3*r - 0*r - 15. Let w(k) = -2*k + 4. Give w(r).
-6
Let q(s) be the first derivative of 1/4*s**4 + 1/2*s**2 - 6*s + 0*s**3 - 6. Give q(0).
-6
Let g = 60 + -64. Let h(f) be the second derivative of f**5/20 + f**4/4 - f**3/3 + f**2 - 2*f. Determine h(g).
-6
Let h(i) be the third derivative of 7*i**4/24 - i**3 + 2*i**2. Let j(c) = -c + 1. Let m(q) = -h(q) - 6*j(q). Give m(2).
-2
Let t(z) = z + 5. Let r be t(-4). Let q be r/(-1)*(-4 + 3). Let w(f) = -f + 1. Let h(m) = -3*m**2 - 3*m + 4. Let i(g) = -h(g) + 4*w(g). What is i(q)?
2
Suppose -1 = 2*t - 3*t. Let o(b) = 4*b - b**2 + 3 - 6 + t. Let p be ((-6)/7)/(18/(-84)). Calculate o(p).
-2
Let d(x) = x**3 - 2*x**2 + 3*x. Let l be -1 + 12/(1 + 3). Suppose -4*m = -l*m - 4. Give d(m).
6
Let j = -3 + 3. Let g(i) = -i**2 - 2*i + j + 2*i**2 + 4. Let n(m) = -m**2 + m + 3. Let z be n(0). Give g(z).
7
Let d be 2*(-1)/2 - -2. Suppose 2*u = 9 + d. Let s(j) = 2 + 6*j - j**2 - 3*j + 2. What is s(u)?
-6
Suppose 2*t - 4*o + 10 = -0*t, 0 = -5*t - 3*o - 25. Let k(h) = -h + 5. Calculate k(t).
10
Let g(d) = 0*d**3 + 2 + d**3 - 2*d**2 - 4*d - 6. What is g(4)?
12
Let i(c) = c - 4*c + 3 + c. Calculate i(3).
-3
Let q(s) = -s - 1. Let h(d) = -5*d**2 + d + 3. Let u(c) = 4*c**2 - 3. Let v(j) = -5*h(j) - 6*u(j). Let x be v(3). Let a = x - -2. Give q(a).
0
Let l(m) be the first derivative of -3*m**2 - 3*m + 2. Suppose -24 = -s - 4*t, -5*t + 41 = 5*s - s. Suppose 0 - 8 = s*x. Determine l(x).
9
Let r be (2 - 1) + (-2)/2. Suppose 2*w + 3*w - 10 = 0. Let u = w - r. Let t(f) = f**2 + 3*f - 1. Give t(u).
9
Suppose 15 = -3*l - 2*l. Let d be (-7)/(-2) + (-3)/6. Let i = d + l. Let r(t) = t**3 - t - 4. Calculate r(i).
-4
Let u(j) = j + 2. Suppose -4*a - 12 = -6*a. Let b = -4 + a. Give u(b).
4
Let m(l) be the second derivative of -l**3/3 - l. Let k(j) = -j**2 + 10*j - 7. Let w be k(9). Determine m(w).
-4
Let c(f) be the third derivative of -f**5/60 + f**4/8 + f**3/6 + 6*f**2. Give c(3).
1
Let j(m) be the third derivative of -m**6/120 + m**5/60 - m**4/24 + 19*m**3/6 + 3*m**2. Give j(0).
19
Let q(z) = z**3 + 5*z**2 + 2*z + 3. Let a be q(-5). Let l = a - 21. Let v be ((-16)/l)/((-2)/(-7)). Let k(j) = j - 1. Calculate k(v).
1
Let x(i) be the second derivative of -i**3/6 - 3*i**2 + 3*i. Determine x(-5).
-1
Let i(j) = -j**2 + 4. Let c be i(-3). Let y(z) be the third derivative of -z**2 - 1/6*z**3 + 1/120*z**6 + 0*z + 0 + 1/12*z**5 + 1/24*z**4. Calculate y(c).
-6
Let a(t) = -t**2 + 9*t + 14. Suppose -6*p + 8*p = -3*j + 38, -p + 54 = 5*j. Calculate a(j).
4
Let b(f) = f**2 - 7*f - 4. Let t be b(8). Let m(x) = -x**3 + 3*x**2 + 2*x + 5. Calculate m(t).
-3
Let x(r) = 0*r**2 + 2*r + 0*r + r**2. Let n be 3/(-3)*(-2 + 6). What is x(n)?
8
Let f(j) = j**2 + 8*j + 5. Let n(d) = d**3 + 5*d**2 - 4*d + 5. Let b be n(-6). Calculate f(b).
-2
Let b(h) = h**3 + 4*h**2 - 4*h - 4. Let j(v) = v + 1. Let l(f) = -b(f) - 5*j(f). What is l(-3)?
-7
Let b(y) = -y**2 - y - 3. Let g(j) be the second derivative of j**4/6 + j**3/2 + 3*j**2 + 2*j. Let h(x) = -5*b(x) - 2*g(x). Determine h(0).
3
Let c(g) = 4*g - 1. Let d = -7 + 11. Let m(a) = 4*a - 8*a + 5 + a**2 - 3. Let r be m(d). What is c(r)?
7
Let s = 51 + -45. Let b(t) = -2*t. Let r(v) = 3*v - 1. Let u(x) = 4*b(x) + 3*r(x). Determine u(s).
3
Let m(y) = y**2 - 9*y + 4. Let d be (-270)/(-35) + 2/7. Calculate m(d).
-4
Suppose 4*f + 4*o - 20 = 6*o, -o + 2 = 0. Let q(w) = -w**2 + 6*w - 7. Give q(f).
-7
Let k(s) = 13*s**2 - 24*s + 12. Let g(h) = 3*h**2 - 6*h + 3. Let c(p) = -9*g(p) + 2*k(p). What is c(5)?
2
Let n(f) be the second derivative of -f**5/20 + f**4/2 - 7*f**2/2 - 16*f. Calculate n(5).
18
Let f(s) = -2*s + 7. Suppose 4*n - 2 = 2. Let r(d) = -d - 1. Let w(x) = n*f(x) - r(x). What is w(-6)?
14
Let h(c) be the first derivative of -c**3/3 + 7*c**2/2 + 6*c + 2. Suppose -43*z + 38*z = -35. What is h(z)?
6
Let x(w) = w**3 - 5*w**2 + 7. Let c = 3 + 2. Determine x(c).
7
Let i(g) be the third derivative of -g**6/120 + 3*g**5/20 - g**4/24 + g**3/2 + 4*g**2. What is i(9)?
-6
Let o be ((-90)/(-21))/(3/21). Suppose -8*z - o = -11*z. Let r(h) = -6 + 16 + 6*h - z. What is r(-1)?
-6
Let q(l) = -l**3 - 4*l**2 - 3*l - 4. Let y = -187 - -183. What is q(y)?
8
Let a(z) be the second derivative of -z**5/60 + z**4/24 + 3*z**3/2 + 5*z. Let t(y) be the second derivative of a(y). Calculate t(-2).
5
Suppose 7 = 5*l - 8. Let g(m) = -m**2 + 4*m - 1. Give g(l).
2
Let m = -3 + -1. Let f(b) = -b. Calculate f(m).
4
Let m = -6 - -4. Let r(z) be the third derivative of -1/2*z**3 + z**2 - 1/6*z**4 + 0*z + 0. Give r(m).
5
Let l(u) = 2*u + 9. Let o be l(-6). Let r(n) = n + 2. Let k(g) = 2*g + 3. Let t(a) = o*r(a) + 2*k(a). Let b(i) = -i**2 + 5*i + 5. Let s be b(5). Give t(s).
5
Let x(w) be the third derivative of w**6/360 + w**5/24 + w**4/8 - w**2. Let v(j) be the second derivative of x(j). Give v(-5).
-5
Let f(r) = r**3 + 2 + 0*r - r - 5*r**2 - 1 - 2*r**3. Calculate f(-5).
6
Suppose -4*u - 25 = 3*t + 1, -3*u - 23 = 4*t. Let k be (2/6)/(t/(-12)). Let m(s) = -2*s - 61*s**2 + s + 2 + 62*s**2. What is m(k)?
4
Let o(s) be the second derivative of -1/2*s**2 - 1/3*s**3 - s + 7/12*s**4 + 0. What is o(-1)?
8
Let y(v) = -2*v + 2. Let i(n) = 6*n - 6. Let k be 0 - 0 - 16/4. Let b(r) = k*i(r) - 11*y(r). Let w be (-1)/(-1 - 1)*6. What is b(w)?
-4
Let u(i) be the first derivative of i**2 + 3*i + 49. What is u(-4)?
-5
Let d(w) = -6*w - 7*w**2 - 2*w**2 + 5 + 8*w**2. Give d(-7).
-2
Suppose 2*v = -13 + 3, 4*m + 5*v = -41. Let y(z) = 6 - 26*z + 10*z + 8*z + 10*z. Calculate y(m).
-2
Let t(i) = -i**3 + i**2 + i - 3. Let v = -15 - -15. Let c = v + 0. Give t(c).
-3
Let u(i) = -4*i**2 + 7*i + 8. Let r(c) = -5*c**2 + 8*c + 9. Let w(h) = -3*r(h) + 4*u(h). Let q(x) = 2*x - 6*x + 2*x + 0*x. Let d be q(-2). Give w(d).
5
Let a(u) = -u - 1. Let v = -7 - -13. What is a(v)?
-7
Suppose 14 = -2*h - 5*c, h - 5*c = -2*c + 15. Let v = h - 5. Let d(p) = 3